{"id":295,"date":"2026-01-27T12:51:14","date_gmt":"2026-01-27T11:51:14","guid":{"rendered":"https:\/\/ongagapemadag.net\/?page_id=295"},"modified":"2026-03-12T23:33:57","modified_gmt":"2026-03-12T22:33:57","slug":"projets-et-demande-de-financements","status":"publish","type":"page","link":"https:\/\/ongagapemadag.net\/index.php\/projets-et-demande-de-financements\/","title":{"rendered":"PROJETS DE CONSTRUCTIONS ET LANCEMENT DE PRODUITS ARTISANAUX"},"content":{"rendered":"\n<p>A- MAISON D&rsquo;ACCUEIL POUR LES PAUVRES <\/p>\n\n\n\n<p>Nous n&rsquo;avons pas encore un lieu o\u00f9 nous pouvons accueillir les familles et les enfants pauvres du quartier de Andraitoa-Fianarantsoa. Pour cela nous vous proposons un projet de construction d&rsquo;une maison. <\/p>\n\n\n\n<p>LIEU DE PROJET: ANDRAITOA &#8211; BATERAVOLA &#8211; FIANARANTSOA<\/p>\n\n\n\n<p>Adresse: ONG AGAPE MADAGASCAR &#8211; Lot. 3604\/012C\/K6, Andraitoa- Bateravola, FIANARANTSOA (301) MADAGASCAR<\/p>\n\n\n\n<p>BUTS ET UTILIT\u00c9S DE CETTE NOUVELLE CONSTRUCTION<\/p>\n\n\n\n<p>1- Grande salle de r\u00e9union , 2- Cantine, 3- Salles de classe niveaux primaires, 4- Salles de multi-m\u00e9dias: cours de langues, informatique, musiques, coupe et couture<\/p>\n\n\n\n<p>Nota Bene: le terrain o\u00f9 se construira cette maison est d\u00e9j\u00e0 entour\u00e9 et prot\u00e9g\u00e9 de mur, et aussi nous avons construit un puits d&rsquo;eau, ce qui implique la facilit\u00e9 de la construction de ce nouveau battiment. <\/p>\n\n\n\n<p>Coup du projet: le devis approximatif du projet co\u00fbte 70 000 euros. <\/p>\n\n\n\n<figure class=\"wp-block-image size-full\"><img loading=\"lazy\" decoding=\"async\" width=\"717\" height=\"956\" src=\"https:\/\/ongagapemadag.net\/wp-content\/uploads\/2026\/01\/CASA-0.jpeg\" alt=\"\" class=\"wp-image-296\" srcset=\"https:\/\/ongagapemadag.net\/wp-content\/uploads\/2026\/01\/CASA-0.jpeg 717w, https:\/\/ongagapemadag.net\/wp-content\/uploads\/2026\/01\/CASA-0-225x300.jpeg 225w\" sizes=\"auto, (max-width: 717px) 100vw, 717px\" \/><\/figure>\n\n\n\n<figure class=\"wp-block-image size-full\"><img loading=\"lazy\" decoding=\"async\" width=\"720\" height=\"1009\" src=\"https:\/\/ongagapemadag.net\/wp-content\/uploads\/2026\/01\/CASA-1.jpeg\" alt=\"\" class=\"wp-image-301\" srcset=\"https:\/\/ongagapemadag.net\/wp-content\/uploads\/2026\/01\/CASA-1.jpeg 720w, https:\/\/ongagapemadag.net\/wp-content\/uploads\/2026\/01\/CASA-1-214x300.jpeg 214w\" sizes=\"auto, (max-width: 720px) 100vw, 720px\" \/><\/figure>\n\n\n\n<figure class=\"wp-block-image size-full\"><img loading=\"lazy\" decoding=\"async\" width=\"630\" height=\"895\" src=\"https:\/\/ongagapemadag.net\/wp-content\/uploads\/2026\/01\/CASA-2.jpeg\" alt=\"\" class=\"wp-image-297\" srcset=\"https:\/\/ongagapemadag.net\/wp-content\/uploads\/2026\/01\/CASA-2.jpeg 630w, https:\/\/ongagapemadag.net\/wp-content\/uploads\/2026\/01\/CASA-2-211x300.jpeg 211w\" sizes=\"auto, (max-width: 630px) 100vw, 630px\" \/><\/figure>\n\n\n\n<figure class=\"wp-block-image size-full\"><img loading=\"lazy\" decoding=\"async\" width=\"630\" height=\"895\" src=\"https:\/\/ongagapemadag.net\/wp-content\/uploads\/2026\/01\/CASA-3.jpeg\" alt=\"\" class=\"wp-image-298\" srcset=\"https:\/\/ongagapemadag.net\/wp-content\/uploads\/2026\/01\/CASA-3.jpeg 630w, https:\/\/ongagapemadag.net\/wp-content\/uploads\/2026\/01\/CASA-3-211x300.jpeg 211w\" sizes=\"auto, (max-width: 630px) 100vw, 630px\" \/><\/figure>\n\n\n\n<figure class=\"wp-block-image size-full\"><img loading=\"lazy\" decoding=\"async\" width=\"720\" height=\"951\" src=\"https:\/\/ongagapemadag.net\/wp-content\/uploads\/2026\/01\/CASA-4.jpeg\" alt=\"\" class=\"wp-image-305\" srcset=\"https:\/\/ongagapemadag.net\/wp-content\/uploads\/2026\/01\/CASA-4.jpeg 720w, https:\/\/ongagapemadag.net\/wp-content\/uploads\/2026\/01\/CASA-4-227x300.jpeg 227w\" sizes=\"auto, (max-width: 720px) 100vw, 720px\" \/><\/figure>\n\n\n\n<figure class=\"wp-block-image size-full\"><img loading=\"lazy\" decoding=\"async\" width=\"720\" height=\"950\" src=\"https:\/\/ongagapemadag.net\/wp-content\/uploads\/2026\/01\/CASA-5.jpeg\" alt=\"\" class=\"wp-image-299\" srcset=\"https:\/\/ongagapemadag.net\/wp-content\/uploads\/2026\/01\/CASA-5.jpeg 720w, https:\/\/ongagapemadag.net\/wp-content\/uploads\/2026\/01\/CASA-5-227x300.jpeg 227w\" sizes=\"auto, (max-width: 720px) 100vw, 720px\" \/><\/figure>\n\n\n\n<figure class=\"wp-block-image size-full\"><img loading=\"lazy\" decoding=\"async\" width=\"636\" height=\"885\" src=\"https:\/\/ongagapemadag.net\/wp-content\/uploads\/2026\/01\/CASA-6.jpeg\" alt=\"\" class=\"wp-image-300\" srcset=\"https:\/\/ongagapemadag.net\/wp-content\/uploads\/2026\/01\/CASA-6.jpeg 636w, https:\/\/ongagapemadag.net\/wp-content\/uploads\/2026\/01\/CASA-6-216x300.jpeg 216w\" sizes=\"auto, (max-width: 636px) 100vw, 636px\" \/><\/figure>\n\n\n\n<figure class=\"wp-block-image size-full\"><img loading=\"lazy\" decoding=\"async\" width=\"720\" height=\"1003\" src=\"https:\/\/ongagapemadag.net\/wp-content\/uploads\/2026\/01\/CASA-7.jpeg\" alt=\"\" class=\"wp-image-304\" srcset=\"https:\/\/ongagapemadag.net\/wp-content\/uploads\/2026\/01\/CASA-7.jpeg 720w, https:\/\/ongagapemadag.net\/wp-content\/uploads\/2026\/01\/CASA-7-215x300.jpeg 215w\" sizes=\"auto, (max-width: 720px) 100vw, 720px\" \/><\/figure>\n\n\n\n<figure class=\"wp-block-image size-full\"><img loading=\"lazy\" decoding=\"async\" width=\"720\" height=\"1009\" src=\"https:\/\/ongagapemadag.net\/wp-content\/uploads\/2026\/01\/CASA-8.jpeg\" alt=\"\" class=\"wp-image-303\" srcset=\"https:\/\/ongagapemadag.net\/wp-content\/uploads\/2026\/01\/CASA-8.jpeg 720w, https:\/\/ongagapemadag.net\/wp-content\/uploads\/2026\/01\/CASA-8-214x300.jpeg 214w\" sizes=\"auto, (max-width: 720px) 100vw, 720px\" \/><\/figure>\n\n\n\n<figure class=\"wp-block-image size-full\"><img loading=\"lazy\" decoding=\"async\" width=\"720\" height=\"1016\" src=\"https:\/\/ongagapemadag.net\/wp-content\/uploads\/2026\/01\/CASA-9.jpeg\" alt=\"\" class=\"wp-image-302\" srcset=\"https:\/\/ongagapemadag.net\/wp-content\/uploads\/2026\/01\/CASA-9.jpeg 720w, https:\/\/ongagapemadag.net\/wp-content\/uploads\/2026\/01\/CASA-9-213x300.jpeg 213w\" sizes=\"auto, (max-width: 720px) 100vw, 720px\" \/><\/figure>\n\n\n\n<p><\/p>\n\n\n\n<p><\/p>\n\n\n\n<p>B- FORMATION POUR LE D\u00c9VELOPPEMENT EN VUE D&rsquo;AIDER LES FEMMES ET FAMILLES EN DIFFICULT\u00c9 <\/p>\n\n\n\n<p>1- Coupe et couture<\/p>\n\n\n\n<p>2- Produits d&rsquo;Ats Malagasy &#8211; Artisanats<\/p>\n\n\n\n<figure class=\"wp-block-image size-full\"><img loading=\"lazy\" decoding=\"async\" width=\"960\" height=\"540\" src=\"https:\/\/ongagapemadag.net\/wp-content\/uploads\/2026\/01\/Art-Gasy-7.jpeg\" alt=\"\" class=\"wp-image-308\" srcset=\"https:\/\/ongagapemadag.net\/wp-content\/uploads\/2026\/01\/Art-Gasy-7.jpeg 960w, https:\/\/ongagapemadag.net\/wp-content\/uploads\/2026\/01\/Art-Gasy-7-300x169.jpeg 300w, https:\/\/ongagapemadag.net\/wp-content\/uploads\/2026\/01\/Art-Gasy-7-768x432.jpeg 768w\" sizes=\"auto, (max-width: 960px) 100vw, 960px\" \/><\/figure>\n\n\n\n<figure class=\"wp-block-image size-full\"><img loading=\"lazy\" decoding=\"async\" width=\"720\" height=\"960\" src=\"https:\/\/ongagapemadag.net\/wp-content\/uploads\/2026\/01\/Art-Gasy-8.jpeg\" alt=\"\" class=\"wp-image-309\" srcset=\"https:\/\/ongagapemadag.net\/wp-content\/uploads\/2026\/01\/Art-Gasy-8.jpeg 720w, https:\/\/ongagapemadag.net\/wp-content\/uploads\/2026\/01\/Art-Gasy-8-225x300.jpeg 225w\" sizes=\"auto, (max-width: 720px) 100vw, 720px\" \/><\/figure>\n\n\n\n<figure class=\"wp-block-image size-full\"><img loading=\"lazy\" decoding=\"async\" width=\"720\" height=\"960\" src=\"https:\/\/ongagapemadag.net\/wp-content\/uploads\/2026\/01\/Art-Gasy-11.jpeg\" alt=\"\" class=\"wp-image-311\" srcset=\"https:\/\/ongagapemadag.net\/wp-content\/uploads\/2026\/01\/Art-Gasy-11.jpeg 720w, https:\/\/ongagapemadag.net\/wp-content\/uploads\/2026\/01\/Art-Gasy-11-225x300.jpeg 225w\" sizes=\"auto, (max-width: 720px) 100vw, 720px\" \/><\/figure>\n\n\n\n<figure class=\"wp-block-image size-full\"><img loading=\"lazy\" decoding=\"async\" width=\"720\" height=\"960\" src=\"https:\/\/ongagapemadag.net\/wp-content\/uploads\/2026\/01\/Art-Gasy-12.jpeg\" alt=\"\" class=\"wp-image-312\" srcset=\"https:\/\/ongagapemadag.net\/wp-content\/uploads\/2026\/01\/Art-Gasy-12.jpeg 720w, https:\/\/ongagapemadag.net\/wp-content\/uploads\/2026\/01\/Art-Gasy-12-225x300.jpeg 225w\" sizes=\"auto, (max-width: 720px) 100vw, 720px\" \/><\/figure>\n\n\n\n<figure class=\"wp-block-image size-full\"><img loading=\"lazy\" decoding=\"async\" width=\"720\" height=\"960\" src=\"https:\/\/ongagapemadag.net\/wp-content\/uploads\/2026\/01\/Art-Gasy-22.jpeg\" alt=\"\" class=\"wp-image-313\" srcset=\"https:\/\/ongagapemadag.net\/wp-content\/uploads\/2026\/01\/Art-Gasy-22.jpeg 720w, https:\/\/ongagapemadag.net\/wp-content\/uploads\/2026\/01\/Art-Gasy-22-225x300.jpeg 225w\" sizes=\"auto, (max-width: 720px) 100vw, 720px\" \/><\/figure>\n\n\n\n<figure class=\"wp-block-image size-large\"><img loading=\"lazy\" decoding=\"async\" width=\"576\" height=\"1024\" src=\"https:\/\/ongagapemadag.net\/wp-content\/uploads\/2026\/01\/Art-Gasy-29-576x1024.jpeg\" alt=\"\" class=\"wp-image-314\" srcset=\"https:\/\/ongagapemadag.net\/wp-content\/uploads\/2026\/01\/Art-Gasy-29-576x1024.jpeg 576w, https:\/\/ongagapemadag.net\/wp-content\/uploads\/2026\/01\/Art-Gasy-29-169x300.jpeg 169w, https:\/\/ongagapemadag.net\/wp-content\/uploads\/2026\/01\/Art-Gasy-29-768x1365.jpeg 768w, https:\/\/ongagapemadag.net\/wp-content\/uploads\/2026\/01\/Art-Gasy-29-864x1536.jpeg 864w, https:\/\/ongagapemadag.net\/wp-content\/uploads\/2026\/01\/Art-Gasy-29.jpeg 1080w\" sizes=\"auto, (max-width: 576px) 100vw, 576px\" \/><\/figure>\n\n\n\n<figure class=\"wp-block-image size-full\"><img loading=\"lazy\" decoding=\"async\" width=\"960\" height=\"540\" src=\"https:\/\/ongagapemadag.net\/wp-content\/uploads\/2026\/01\/Art-Gasy-2.jpeg\" alt=\"\" class=\"wp-image-310\" srcset=\"https:\/\/ongagapemadag.net\/wp-content\/uploads\/2026\/01\/Art-Gasy-2.jpeg 960w, https:\/\/ongagapemadag.net\/wp-content\/uploads\/2026\/01\/Art-Gasy-2-300x169.jpeg 300w, https:\/\/ongagapemadag.net\/wp-content\/uploads\/2026\/01\/Art-Gasy-2-768x432.jpeg 768w\" sizes=\"auto, (max-width: 960px) 100vw, 960px\" \/><\/figure>\n\n\n\n<p>NOUS SOMMES DISPONIBLES \u00c0  COLLABORER AVEC TOUS CEUX QUI VEULENT TRAVAILLER AVEC NOUS. POUR LE BIEN DES FAMILLES ET DE PERSONNES EN DIFFICULT\u00c9 <\/p>\n\n\n\n<p><\/p>\n\n\n\n<p>R\u00c9F\u00c9RENCES ET COORDONN\u00c9ES DE LA ONG AGAPE MADAGASCAR :<\/p>\n\n\n\n<figure class=\"wp-block-image size-full\"><img loading=\"lazy\" decoding=\"async\" width=\"224\" height=\"185\" src=\"https:\/\/ongagapemadag.net\/wp-content\/uploads\/2026\/01\/image.png\" alt=\"\" class=\"wp-image-307\"\/><\/figure>\n\n\n\n<p><strong>ADRESSE <\/strong>: <\/p>\n\n\n\n<p>Lot: 3604\/012C\/ K6 Andraitoa Bateravola, Fianarantsoa, MADAGASCAR, 301<\/p>\n\n\n\n<p>R\u00c9F\u00c9RENCE NIF : Arr\u00eat\u00e9 d\u2019Agr\u00e9ment N\u00b0 01\/23-GOUV\/AMM\/ONG, Immatriculation N\u00b0 01\/23\/IMM du 03 Avril 2023, NIF: 500548342-STAT: 94111222021000109<\/p>\n\n\n\n<p>**************<\/p>\n\n\n\n<p>Cell. +261 38 60 00839<\/p>\n\n\n\n<p>E-mail: ongagapemad@gmail.com<\/p>\n\n\n\n<p>Site web: https:\/\/ongagapemadag.net<\/p>\n\n\n\n<p>IBAN:MG4600008003400500401287140<\/p>\n\n\n\n<p>BANQUE : BRED &#8211; Banque populaire, MADAGASCAR<\/p>\n\n\n\n<p>CODE B.I.C. : BFAVMGMGXXX<\/p>\n\n\n\n<figure class=\"wp-block-image size-full\"><img loading=\"lazy\" decoding=\"async\" width=\"650\" height=\"710\" src=\"https:\/\/ongagapemadag.net\/wp-content\/uploads\/2026\/01\/image-11.png\" alt=\"\" class=\"wp-image-353\" srcset=\"https:\/\/ongagapemadag.net\/wp-content\/uploads\/2026\/01\/image-11.png 650w, https:\/\/ongagapemadag.net\/wp-content\/uploads\/2026\/01\/image-11-275x300.png 275w\" sizes=\"auto, (max-width: 650px) 100vw, 650px\" \/><\/figure>\n\n\n\n<p><\/p>\n","protected":false},"excerpt":{"rendered":"<p>A- MAISON D&rsquo;ACCUEIL POUR LES PAUVRES Nous n&rsquo;avons pas encore un lieu o\u00f9 nous pouvons accueillir les familles et les enfants pauvres du quartier de Andraitoa-Fianarantsoa. Pour cela nous vous proposons un projet de construction d&rsquo;une maison. LIEU DE PROJET: ANDRAITOA &#8211; BATERAVOLA &#8211; FIANARANTSOA Adresse: ONG AGAPE MADAGASCAR &#8211; Lot. 3604\/012C\/K6, Andraitoa- Bateravola, FIANARANTSOA [&hellip;]<\/p>\n","protected":false},"author":1,"featured_media":0,"parent":0,"menu_order":0,"comment_status":"closed","ping_status":"closed","template":"","meta":{"footnotes":""},"class_list":["post-295","page","type-page","status-publish","hentry"],"_links":{"self":[{"href":"https:\/\/ongagapemadag.net\/index.php\/wp-json\/wp\/v2\/pages\/295","targetHints":{"allow":["GET"]}}],"collection":[{"href":"https:\/\/ongagapemadag.net\/index.php\/wp-json\/wp\/v2\/pages"}],"about":[{"href":"https:\/\/ongagapemadag.net\/index.php\/wp-json\/wp\/v2\/types\/page"}],"author":[{"embeddable":true,"href":"https:\/\/ongagapemadag.net\/index.php\/wp-json\/wp\/v2\/users\/1"}],"replies":[{"embeddable":true,"href":"https:\/\/ongagapemadag.net\/index.php\/wp-json\/wp\/v2\/comments?post=295"}],"version-history":[{"count":5,"href":"https:\/\/ongagapemadag.net\/index.php\/wp-json\/wp\/v2\/pages\/295\/revisions"}],"predecessor-version":[{"id":442,"href":"https:\/\/ongagapemadag.net\/index.php\/wp-json\/wp\/v2\/pages\/295\/revisions\/442"}],"wp:attachment":[{"href":"https:\/\/ongagapemadag.net\/index.php\/wp-json\/wp\/v2\/media?parent=295"}],"curies":[{"name":"wp","href":"https:\/\/api.w.org\/{rel}","templated":true}]}}