{"id":348,"date":"2026-01-27T14:47:42","date_gmt":"2026-01-27T13:47:42","guid":{"rendered":"https:\/\/ongagapemadag.net\/?page_id=348"},"modified":"2026-03-12T23:20:01","modified_gmt":"2026-03-12T22:20:01","slug":"aides-et-soutiens-des-enfants-et-jeunes-pour-la-scolarisation-et-alphabetisation","status":"publish","type":"page","link":"https:\/\/ongagapemadag.net\/index.php\/aides-et-soutiens-des-enfants-et-jeunes-pour-la-scolarisation-et-alphabetisation\/","title":{"rendered":"AIDES ET SOUTIENS DES ENFANTS ET JEUNES POUR LA SCOLARISATION ET ALPHABETISATION"},"content":{"rendered":"\n<p>Depuit l&rsquo;ann\u00e9e 2020, nous avons commenc\u00e9 \u00e0 soutenir les enfants et jeunes \u00e9tudiants qui sont en difficult\u00e9. Cette ann\u00e9e scolaire nous sommes en train d&rsquo;aider 83 enfants et jeunes afin de pouvoir payer les \u00e9colages et fournitures scolaires. <\/p>\n\n\n\n<p>Ces 83 enfants et jeunes se trouvent dans quatre dioc\u00e8ses: Antananarivo, Antsirabe, Ambositra, Fianarantsoa, et se divisent en niveaux scolaires : Primaires, Secondaires et Lyc\u00e9e. <\/p>\n\n\n\n<p>Nous sommes reconnaissants des aides qui viennent de quelques bienfaiteurs italiens qui nous nous  soutiennent \u00e0 maintenir et continer ce projet. Que Dieu riche de tout bien et toute gr\u00e2ce leur donne sa b\u00e9n\u00e9diction. <\/p>\n\n\n\n<figure class=\"wp-block-video\"><video height=\"272\" style=\"aspect-ratio: 480 \/ 272;\" width=\"480\" controls src=\"https:\/\/ongagapemadag.net\/wp-content\/uploads\/2026\/01\/WhatsApp-Video-2026-01-27-at-09.19.12.mp4\"><\/video><\/figure>\n\n\n\n<figure class=\"wp-block-image size-full\"><img loading=\"lazy\" decoding=\"async\" width=\"960\" height=\"720\" src=\"https:\/\/ongagapemadag.net\/wp-content\/uploads\/2026\/01\/WhatsApp-Image-2026-01-27-at-09.02.01-1.jpeg\" alt=\"\" class=\"wp-image-349\" srcset=\"https:\/\/ongagapemadag.net\/wp-content\/uploads\/2026\/01\/WhatsApp-Image-2026-01-27-at-09.02.01-1.jpeg 960w, https:\/\/ongagapemadag.net\/wp-content\/uploads\/2026\/01\/WhatsApp-Image-2026-01-27-at-09.02.01-1-300x225.jpeg 300w, https:\/\/ongagapemadag.net\/wp-content\/uploads\/2026\/01\/WhatsApp-Image-2026-01-27-at-09.02.01-1-768x576.jpeg 768w\" sizes=\"auto, (max-width: 960px) 100vw, 960px\" \/><\/figure>\n\n\n\n<p>Nous sommes ouverts \u00e0 toute collaboration et entraides pour les biens des personnes surtout ceux qui ont besoin de notre main. Nous vous invitons aussi pour changer le monde, les soci\u00e9t\u00e9s, les familles. <\/p>\n\n\n\n<figure class=\"wp-block-image size-full\"><img loading=\"lazy\" decoding=\"async\" width=\"650\" height=\"710\" src=\"https:\/\/ongagapemadag.net\/wp-content\/uploads\/2026\/01\/image-10.png\" alt=\"\" class=\"wp-image-352\" srcset=\"https:\/\/ongagapemadag.net\/wp-content\/uploads\/2026\/01\/image-10.png 650w, https:\/\/ongagapemadag.net\/wp-content\/uploads\/2026\/01\/image-10-275x300.png 275w\" sizes=\"auto, (max-width: 650px) 100vw, 650px\" \/><\/figure>\n\n\n\n<p>COORDONN\u00c9ES BANCAIRES DE L&rsquo;ONG AGAPE MADAGASCAR<\/p>\n\n\n\n<p>COMPTE , IBAN:MG4600008003400500401287140<\/p>\n\n\n\n<p>BANQUE: BRED &#8211; Banque populaire, MADAGASCAR<\/p>\n\n\n\n<p>AU NOM DE : <strong>A<\/strong>mour pour la <strong>G<\/strong>arantie de l\u2019<strong>A<\/strong>venir des <strong>P<\/strong>articipants <strong>E<\/strong>veill\u00e9s<\/p>\n\n\n\n<p>CODE BIC (Bank identifier Code) : BFAVMGMGXXX<\/p>\n\n\n\n<p>&#8212;&#8212;&#8212;&#8212;&#8212;&#8212;&#8212;&#8212;&#8212;&#8212;&#8212;&#8212;&#8212;&#8212;&#8212;&#8212;&#8212;&#8212;&#8212;<\/p>\n\n\n\n<p><strong>COMPTE BANCAIRE ALTERNATIF:<\/strong><\/p>\n\n\n\n<p>Banque en Italie : CREDIT AGRICOLE<\/p>\n\n\n\n<p>IBAN: IT82U0623003229000015442689<\/p>\n\n\n\n<p>Au nom de : Simplice Abel TOLIARISOA<\/p>\n\n\n\n<p>COD. B.I.C.: CRPPIT2PXXX<\/p>\n","protected":false},"excerpt":{"rendered":"<p>Depuit l&rsquo;ann\u00e9e 2020, nous avons commenc\u00e9 \u00e0 soutenir les enfants et jeunes \u00e9tudiants qui sont en difficult\u00e9. Cette ann\u00e9e scolaire nous sommes en train d&rsquo;aider 83 enfants et jeunes afin de pouvoir payer les \u00e9colages et fournitures scolaires. Ces 83 enfants et jeunes se trouvent dans quatre dioc\u00e8ses: Antananarivo, Antsirabe, Ambositra, Fianarantsoa, et se divisent [&hellip;]<\/p>\n","protected":false},"author":1,"featured_media":0,"parent":0,"menu_order":0,"comment_status":"closed","ping_status":"closed","template":"","meta":{"footnotes":""},"class_list":["post-348","page","type-page","status-publish","hentry"],"_links":{"self":[{"href":"https:\/\/ongagapemadag.net\/index.php\/wp-json\/wp\/v2\/pages\/348","targetHints":{"allow":["GET"]}}],"collection":[{"href":"https:\/\/ongagapemadag.net\/index.php\/wp-json\/wp\/v2\/pages"}],"about":[{"href":"https:\/\/ongagapemadag.net\/index.php\/wp-json\/wp\/v2\/types\/page"}],"author":[{"embeddable":true,"href":"https:\/\/ongagapemadag.net\/index.php\/wp-json\/wp\/v2\/users\/1"}],"replies":[{"embeddable":true,"href":"https:\/\/ongagapemadag.net\/index.php\/wp-json\/wp\/v2\/comments?post=348"}],"version-history":[{"count":4,"href":"https:\/\/ongagapemadag.net\/index.php\/wp-json\/wp\/v2\/pages\/348\/revisions"}],"predecessor-version":[{"id":435,"href":"https:\/\/ongagapemadag.net\/index.php\/wp-json\/wp\/v2\/pages\/348\/revisions\/435"}],"wp:attachment":[{"href":"https:\/\/ongagapemadag.net\/index.php\/wp-json\/wp\/v2\/media?parent=348"}],"curies":[{"name":"wp","href":"https:\/\/api.w.org\/{rel}","templated":true}]}}